-36?
-1001202
In base 6, what is 1505410 - 2?
1505404
In base 15, what is 4a68 + 8?
4a71
In base 9, what is 551430 + 5?
551435
In base 15, what is 1c45 - -15?
1c5a
In base 13, what is 10c75 + 21?
10c96
In base 11, what is 90 + -1452?
-1372
In base 14, what is 0 - 5477?
-5477
In base 14, what is 481 + -46?
439
In base 9, what is 4 - 38778?
-38774
In base 10, what is 5 + 220318?
220323
In base 12, what is -3 + 4a457?
4a454
In base 7, what is 20 + -33564?
-33544
In base 5, what is 22 + -101114?
-101042
In base 9, what is 1 - -16325?
16326
In base 15, what is -aa - -59?
-51
In base 11, what is 5521 + 157?
5678
In base 9, what is 115 + 6545?
6661
In base 7, what is -10 + 1663520?
1663510
In base 16, what is 2 - -552da?
552dc
In base 15, what is -2e - -a6ab?
a67c
In base 15, what is -4 + -10791?
-10795
In base 14, what is 4 - -1ba0?
1ba4
In base 9, what is 5 + -131468?
-131463
In base 2, what is -10111000011100 + -1100010?
-10111001111110
In base 9, what is -184 + -263?
-457
In base 4, what is 211020233 + -3?
211020230
In base 5, what is -2301223 - 22?
-2301300
In base 3, what is -2221001020021 - -11?
-2221001020010
In base 7, what is -300 + -21?
-321
In base 16, what is 1 - -16668?
16669
In base 4, what is 311032233 + -10?
311032223
In base 10, what is 5 + -205109?
-205104
In base 5, what is -2 + 403403?
403401
In base 5, what is 1343 + -10240?
-3342
In base 15, what is -20c + 6?
-206
In base 15, what is -16 - 3b5c?
-3b73
In base 8, what is 454 - 36?
416
In base 11, what is 22a01 - -5?
22a06
In base 4, what is 0 + -21202231?
-21202231
In base 3, what is 10002121000 + -12?
10002120211
In base 11, what is -4a - -28015?
27a76
In base 11, what is 4 - -9635?
9639
In base 5, what is -310 - -11430?
11120
In base 13, what is 1c161 + 4?
1c165
In base 15, what is -d57 + -3d?
-d95
In base 7, what is -3564005 - 1?
-3564006
In base 15, what is 1da - 428?
-23d
In base 7, what is -320 + 1603?
1253
In base 15, what is 1eb - 48?
1a3
In base 14, what is -12 + -748?
-75a
In base 5, what is -32 + -140114?
-140201
In base 14, what is 582b + -100?
572b
In base 8, what is 104 + 1505?
1611
In base 14, what is -6037 - -16?
-6021
In base 11, what is -1 - -1144aa?
1144a9
In base 16, what is 4 - 8535?
-8531
In base 10, what is -1398 + 932?
-466
In base 11, what is -28aa08 + -5?
-28aa12
In base 11, what is 978 + -4?
974
In base 6, what is -25435451 + 3?
-25435444
In base 12, what is -541 - -24b?
-2b2
In base 11, what is -4a44 + -11?
-4a55
In base 13, what is 1 + 3b4299?
3b429a
In base 16, what is -32f3 + 10?
-32e3
In base 16, what is -147 + -165?
-2ac
In base 8, what is 7 + 42607?
42616
In base 4, what is 11 + -130010332?
-130010321
In base 13, what is -1a - 1c5a?
-1c77
In base 13, what is -24 + 36c?
348
In base 14, what is 0 + -13cd3?
-13cd3
In base 13, what is -412 - -67?
-378
In base 10, what is -6694 + 1?
-6693
In base 11, what is -126 + -116?
-241
In base 4, what is -11 - -100310211?
100310200
In base 4, what is 203013 + 1312?
210331
In base 13, what is -157a - a?
-1587
In base 4, what is -113311 + -20020?
-133331
In base 8, what is 2400 - -202?
2602
In base 9, what is 55 - 483?
-427
In base 6, what is -4 - -201501?
201453
In base 6, what is 44 - 24500?
-24412
In base 3, what is -1011011 - -121002?
-120002
In base 9, what is 306824 + -5?
306818
In base 5, what is 121443 - 30?
121413
In base 8, what is 113 - 13717?
-13604
In base 16, what is 9715 - -8?
971d
In base 9, what is 6 + -17174?
-17167
In base 11, what is 9a9520 - 4?
9a9517
In base 2, what is 11000010000111100000001 + 11?
11000010000111100000100
In base 8, what is -70 + 1036?
746
In base 13, what is -cba + 58?
-c62
In base 8, what is -4202 - -23?
-4157
In base 6, what is -252 - 1330?
-2022
In base 14, what is -25 - -c3b0?
c389
In base 7, what is 26 - -44053?
44112
In base 7, what is -12452 + -52?
-12534
In base 3, what is -10010 - 122222220?
-200010000
In base 3, what is 100201 - 11111?
12020
In base 6, what is 2202255 - 3?
2202252
In base 4, what is 3230313 + -10301?
3220012
In base 7, what is 2 - -2011?
2013
In base 5, what is -2 - -211041?
211034
In base 3, what is 2001100201 + 12?
2001100220
In base 5, what is -3340 - -123?
-3212
In base 16, what is 6 - -1b73?
1b79
In base 15, what is -7cd956 + -2?
-7cd958
In base 2, what is 1111011 + 100011000?
110010011
In base 15, what is 23 + -21?
2
In base 3, what is 100020221 + -2?
100020212
In base 11, what is -34985 + 0?
-34985
In base 5, what is -1320 - 13133?
-20003
In base 15, what is -8 + -1a?
-23
In base 7, what is 11103 - -203?
11306
In base 13, what is 40057 - b?
40049
In base 7, what is 3311616 - -3?
3311622
In base 4, what is 3111 - -112120?
121231
In base 5, what is 3100401 - 10?
3100341
In base 7, what is 32 - 2263?
-2231
In base 14, what is 1760d + -b?
17602
In base 5, what is -4132031 - 101?
-4132132
In base 3, what is -11 - -1120112021?
1120112010
In base 12, what is -11 - 3b6b0?
-3b701
In base 14, what is -14c + -24a?
-398
In base 8, what is -2 - 10505?
-10507
In base 5, what is -11 + 421403?
421342
In base 13, what is 1b41 + -3a?
1b04
In base 10, what is -7 - 2001?
-2008
In base 16, what is 121b - -1b?
1236
In base 15, what is -3 + 64c1?
64bd
In base 10, what is 5 + 41707?
41712
In base 16, what is a - 161?
-157
In base 7, what is -253221 - 103?
-253324
In base 3, what is -1222 - -201221110?
201212111
In base 15, what is -4becd2 - 3?
-4becd5
In base 6, what is -323 - -1315?
552
In base 7, what is 36151 + 4?
36155
In base 3, what is -10110212 + 11012?
-10022200
In base 9, what is 1 - 443568?
-443567
In base 2, what is 1001111110000 + 11101100?
1010011011100
In base 14, what is 5 - -b6c2?
b6c7
In base 6, what is 111 - 10?
101
In base 3, what is 2 + -11102021120?
-11102021111
In base 11, what is 0 - 69a33a?
-69a33a
In base 14, what is 4 + -11da1?
-11d9b
In base 15, what is -b6 + -d3d?
-e04
In base 9, what is 628 - 3456?
-2727
In base 16, what is -1b - -ed6?
ebb
In base 8, what is -54 + -32261?
-32335
In base 12, what is -251a - 4?
-2522
In base 13, what is 3aa8 - -14?
3abc
In base 3, what is 11 + 102112102?
102112120
In base 8, what is -377 - -1573?
1174
In base 12, what is 3 - 262?
-25b
In base 10, what is -1 - 167377?
-167378
In base 2, what is 0 + 11100011100000011?
11100011100000011
In base 11, what is 24 - -42904?
42928
In base 9, what is 4 + -108460?
-108455
In base 6, what is -144 + -3025?
-3213
In base 5, what is 0 - -32023?
32023
In base 4, what is 213131323 + 0?
213131323
In base 5, what is 2124201 - 4?
2124142
In base 7, what is -40223 + -4?
-40230
In base 15, what is 13a2 - -36?
13d8
In base 13, what is -1b77a + -3?
-1b780
In base 5, what is -1224141020 - -10?
-1224141010
In base 9, what is 3244023 - 2?
3244021
In base 9, what is 1 - 55445?
-55444
In base 6, what is -141031 + -3?
-141034
In base 10, what is -3 - -950?
947
In base 16, what is -5 - -1349?
1344
In base 15, what is -4750c4 + 1?
-4750c3
In base 15, what is 2046 - c?
2039
In base 10, what is -2 + 4927?
4925
In base 11, what is -13 - -3547a?
35467
In base 2, what is -1101 - 1100111101?
-1101001010
In base 16, what is -4 + 6551d?
65519
In base 16, what is -5ed51 + 2?
-5ed4f
In base 8, what is 1 + -241051?
-241050
In base 14, what is -4 + -1202?
-1206
In base 16, what is -15 + -648?
-65d
In base 6, what is 11 + 15021?
15032
In base 15, what is 41993 - -5?
41998
In base 15, what is -ad + -18d?
-24b
In base 8, what is -147 - 5436?
-5605
In base 6, what is -3410121 + -5?
-3410130
In base 6, what is -133 - 11?
-144
In base 13, what is -6 + 516?
510
In base 9, what is 1171 - -204?
1375
In base 13, what is a8 + -9c?
9
In base 9, what is -126026 + 5?
-126021
In base 5, what is -1413122 + -1?
-1413123
In base 5, what is 1331333 - 10?
1331323
In base 4, what is -1130322 + -13010?
-1203332
In base 6, what is 3 - -241134?
241141
In base 2, what is -10011110101010101011 - -10?
-10011110101010101001
In base 9, what is -83883 - 14?
-84007
In base 12, what is -15 - 2059?
-2072
In base 9, what is -3560 - 247?
-3817
In base 7, what is 25 + -6151?
-6123
In base 3, what is -22 + -10210122?
-10210221
In base 2, what is 100100110 - 11100011101?
-10111110111
In base 4, what is 2 + -122330?
-122322
In base 8, what is -342427 + 5?
-342422
In base 15, what is 4b - -35c?
3a8
In base 12, what is 2354a6 - 4?
